{"id":52905,"date":"2025-10-15T08:22:13","date_gmt":"2025-10-15T07:22:13","guid":{"rendered":"https:\/\/www.empack.be\/bos\/"},"modified":"2026-02-12T16:40:57","modified_gmt":"2026-02-12T15:40:57","slug":"bos","status":"publish","type":"page","link":"https:\/\/www.empack.be\/fr\/gent-2026\/programme\/bos\/","title":{"rendered":"Bos+"},"content":{"rendered":"\t\t<div data-elementor-type=\"wp-page\" data-elementor-id=\"52905\" class=\"elementor elementor-52905 elementor-52891\" data-elementor-post-type=\"page\">\n\t\t\t\t<div class=\"elementor-element elementor-element-6bda4d3 e-flex e-con-boxed e-con e-child\" data-id=\"6bda4d3\" data-element_type=\"container\" data-settings=\"{&quot;background_background&quot;:&quot;classic&quot;}\">\n\t\t\t\t\t<div class=\"e-con-inner\">\n\t\t\t\t<div class=\"elementor-element elementor-element-1d4c046 elementor-widget__width-initial elementor-widget elementor-widget-heading\" data-id=\"1d4c046\" data-element_type=\"widget\" data-widget_type=\"heading.default\">\n\t\t\t\t<div class=\"elementor-widget-container\">\n\t\t\t\t\t<h1 class=\"elementor-heading-title elementor-size-default\">Bos +<\/h1>\t\t\t\t<\/div>\n\t\t\t\t<\/div>\n\t\t\t\t<div class=\"elementor-element elementor-element-e0221b2 elementor-widget__width-initial elementor-widget elementor-widget-heading\" data-id=\"e0221b2\" data-element_type=\"widget\" data-widget_type=\"heading.default\">\n\t\t\t\t<div class=\"elementor-widget-container\">\n\t\t\t\t\t<h2 class=\"elementor-heading-title elementor-size-default\">Planter un arbre avec Empack Gand 2026<\/h2>\t\t\t\t<\/div>\n\t\t\t\t<\/div>\n\t\t\t\t\t<\/div>\n\t\t\t\t<\/div>\n\t\t<div class=\"elementor-element elementor-element-27542f5 e-flex e-con-boxed e-con e-parent\" data-id=\"27542f5\" data-element_type=\"container\" data-settings=\"{&quot;background_background&quot;:&quot;classic&quot;}\">\n\t\t\t\t\t<div class=\"e-con-inner\">\n\t\t<div class=\"elementor-element elementor-element-2f97716 e-flex e-con-boxed e-con e-child\" data-id=\"2f97716\" data-element_type=\"container\" data-settings=\"{&quot;background_background&quot;:&quot;classic&quot;}\">\n\t\t\t\t\t<div class=\"e-con-inner\">\n\t\t<div class=\"elementor-element elementor-element-2a79fa4 e-flex e-con-boxed e-con e-child\" data-id=\"2a79fa4\" data-element_type=\"container\">\n\t\t\t\t\t<div class=\"e-con-inner\">\n\t\t\t\t<div class=\"elementor-element elementor-element-8134070 elementor-widget elementor-widget-heading\" data-id=\"8134070\" data-element_type=\"widget\" data-widget_type=\"heading.default\">\n\t\t\t\t<div class=\"elementor-widget-container\">\n\t\t\t\t\t<h2 class=\"elementor-heading-title elementor-size-default\">Planter des arbres avec nous<\/h2>\t\t\t\t<\/div>\n\t\t\t\t<\/div>\n\t\t\t\t<div class=\"elementor-element elementor-element-901df47 elementor-widget elementor-widget-text-editor\" data-id=\"901df47\" data-element_type=\"widget\" data-widget_type=\"text-editor.default\">\n\t\t\t\t<div class=\"elementor-widget-container\">\n\t\t\t\t\t\t\t\t\t<p>Bij<strong> Empack<\/strong> staat <strong>innovatie en duurzaamheid centraal.<\/strong> Als vakbeurs brengen wij de volledige verpakkingsketen samen en stimuleren we initiatieven die echt impact maken.<\/p>\n<p>En collaboration avec <strong>BOS+<\/strong>, nous <strong>plantons des arbres<\/strong> avec nos visiteurs et nos exposants. Nous contribuons ainsi concr\u00e8tement \u00e0 la protection de la nature et r\u00e9duisons <strong>notre empreinte \u00e9cologique.<\/strong><\/p>\n\t\t\t\t\t\t\t\t<\/div>\n\t\t\t\t<\/div>\n\t\t\t\t\t<\/div>\n\t\t\t\t<\/div>\n\t\t\t\t\t<\/div>\n\t\t\t\t<\/div>\n\t\t\t\t\t<\/div>\n\t\t\t\t<\/div>\n\t\t<div class=\"elementor-element elementor-element-52c2b37 e-flex e-con-boxed e-con e-parent\" data-id=\"52c2b37\" data-element_type=\"container\" data-settings=\"{&quot;background_background&quot;:&quot;classic&quot;}\">\n\t\t\t\t\t<div class=\"e-con-inner\">\n\t\t<div class=\"elementor-element elementor-element-852ded5 e-flex e-con-boxed e-con e-child\" data-id=\"852ded5\" data-element_type=\"container\" data-settings=\"{&quot;background_background&quot;:&quot;classic&quot;}\">\n\t\t\t\t\t<div class=\"e-con-inner\">\n\t\t<div class=\"elementor-element elementor-element-4867cf3 e-flex e-con-boxed e-con e-child\" data-id=\"4867cf3\" data-element_type=\"container\" data-settings=\"{&quot;background_background&quot;:&quot;classic&quot;}\">\n\t\t\t\t\t<div class=\"e-con-inner\">\n\t\t<div class=\"elementor-element elementor-element-0ce6dd8 e-flex e-con-boxed e-con e-child\" data-id=\"0ce6dd8\" data-element_type=\"container\">\n\t\t\t\t\t<div class=\"e-con-inner\">\n\t\t\t\t<div class=\"elementor-element elementor-element-d1cab72 elementor-widget elementor-widget-heading\" data-id=\"d1cab72\" data-element_type=\"widget\" data-widget_type=\"heading.default\">\n\t\t\t\t<div class=\"elementor-widget-container\">\n\t\t\t\t\t<h2 class=\"elementor-heading-title elementor-size-default\">Faites un don et plantez avec nous !<\/h2>\t\t\t\t<\/div>\n\t\t\t\t<\/div>\n\t\t\t\t<div class=\"elementor-element elementor-element-994c8e8 elementor-widget elementor-widget-text-editor\" data-id=\"994c8e8\" data-element_type=\"widget\" data-widget_type=\"text-editor.default\">\n\t\t\t\t<div class=\"elementor-widget-container\">\n\t\t\t\t\t\t\t\t\t<p>Nous invitons nos visiteurs et nos exposants \u00e0 se joindre \u00e0 nous pour planter des arbres afin de faire une diff\u00e9rence visible pour la nature et le climat.<\/p>\n<p>Avec chaque don et chaque arbre plant\u00e9, nous r\u00e9duirons ensemble notre empreinte \u00e9cologique et contribuerons \u00e0 construire un avenir plus vert.<\/p>\n\t\t\t\t\t\t\t\t<\/div>\n\t\t\t\t<\/div>\n\t\t\t\t\t<\/div>\n\t\t\t\t<\/div>\n\t\t\t\t\t<\/div>\n\t\t\t\t<\/div>\n\t\t\t\t\t<\/div>\n\t\t\t\t<\/div>\n\t\t\t\t\t<\/div>\n\t\t\t\t<\/div>\n\t\t\t\t<\/div>\n\t\t","protected":false},"excerpt":{"rendered":"<p>Bos + Planter un arbre avec Empack Gand 2026 Planter des arbres avec nous Bij Empack staat innovatie en duurzaamheid centraal. Als vakbeurs brengen wij de volledige verpakkingsketen samen en stimuleren we initiatieven die echt impact maken. En collaboration avec BOS+, nous plantons des arbres avec nos visiteurs et nos exposants. Nous contribuons ainsi concr\u00e8tement [&hellip;]<\/p>\n","protected":false},"author":1351,"featured_media":0,"parent":56985,"menu_order":0,"comment_status":"closed","ping_status":"closed","template":"","meta":{"_seopress_robots_primary_cat":"","_seopress_titles_title":"Bos + | Plantez un arbre avec Empack Gand 2026","_seopress_titles_desc":"En collaboration avec BOS+, nous plantons des arbres avec nos visiteurs et exposants.","_seopress_robots_index":"","footnotes":""},"class_list":["post-52905","page","type-page","status-publish","hentry"],"_links":{"self":[{"href":"https:\/\/www.empack.be\/fr\/wp-json\/wp\/v2\/pages\/52905","targetHints":{"allow":["GET"]}}],"collection":[{"href":"https:\/\/www.empack.be\/fr\/wp-json\/wp\/v2\/pages"}],"about":[{"href":"https:\/\/www.empack.be\/fr\/wp-json\/wp\/v2\/types\/page"}],"author":[{"embeddable":true,"href":"https:\/\/www.empack.be\/fr\/wp-json\/wp\/v2\/users\/1351"}],"replies":[{"embeddable":true,"href":"https:\/\/www.empack.be\/fr\/wp-json\/wp\/v2\/comments?post=52905"}],"version-history":[{"count":5,"href":"https:\/\/www.empack.be\/fr\/wp-json\/wp\/v2\/pages\/52905\/revisions"}],"predecessor-version":[{"id":57675,"href":"https:\/\/www.empack.be\/fr\/wp-json\/wp\/v2\/pages\/52905\/revisions\/57675"}],"up":[{"embeddable":true,"href":"https:\/\/www.empack.be\/fr\/wp-json\/wp\/v2\/pages\/56985"}],"wp:attachment":[{"href":"https:\/\/www.empack.be\/fr\/wp-json\/wp\/v2\/media?parent=52905"}],"curies":[{"name":"wp","href":"https:\/\/api.w.org\/{rel}","templated":true}]}}

<div data-elementor-type="wp-page" data-elementor-id="52905" class="elementor elementor-52905 elementor-52891" data-elementor-post-type="page">
				<div class="elementor-element elementor-element-6bda4d3 e-flex e-con-boxed e-con e-child" data-id="6bda4d3" data-element_type="container" data-settings="{&quot;background_background&quot;:&quot;classic&quot;}">
					<div class="e-con-inner">
				<div class="elementor-element elementor-element-1d4c046 elementor-widget__width-initial elementor-widget elementor-widget-heading" data-id="1d4c046" data-element_type="widget" data-widget_type="heading.default">
				<div class="elementor-widget-container">
					<h1 class="elementor-heading-title elementor-size-default">Bos +</h1>				</div>
				</div>
				<div class="elementor-element elementor-element-e0221b2 elementor-widget__width-initial elementor-widget elementor-widget-heading" data-id="e0221b2" data-element_type="widget" data-widget_type="heading.default">
				<div class="elementor-widget-container">
					<h2 class="elementor-heading-title elementor-size-default">Planter un arbre avec Empack Gand 2026</h2>				</div>
				</div>
					</div>
				</div>
		<div class="elementor-element elementor-element-27542f5 e-flex e-con-boxed e-con e-parent" data-id="27542f5" data-element_type="container" data-settings="{&quot;background_background&quot;:&quot;classic&quot;}">
					<div class="e-con-inner">
		<div class="elementor-element elementor-element-2f97716 e-flex e-con-boxed e-con e-child" data-id="2f97716" data-element_type="container" data-settings="{&quot;background_background&quot;:&quot;classic&quot;}">
					<div class="e-con-inner">
		<div class="elementor-element elementor-element-2a79fa4 e-flex e-con-boxed e-con e-child" data-id="2a79fa4" data-element_type="container">
					<div class="e-con-inner">
				<div class="elementor-element elementor-element-8134070 elementor-widget elementor-widget-heading" data-id="8134070" data-element_type="widget" data-widget_type="heading.default">
				<div class="elementor-widget-container">
					<h2 class="elementor-heading-title elementor-size-default">Planter des arbres avec nous</h2>				</div>
				</div>
				<div class="elementor-element elementor-element-901df47 elementor-widget elementor-widget-text-editor" data-id="901df47" data-element_type="widget" data-widget_type="text-editor.default">
				<div class="elementor-widget-container">
									<p>Bij<strong> Empack</strong> staat <strong>innovatie en duurzaamheid centraal.</strong> Als vakbeurs brengen wij de volledige verpakkingsketen samen en stimuleren we initiatieven die echt impact maken.</p>
<p>En collaboration avec <strong>BOS+</strong>, nous <strong>plantons des arbres</strong> avec nos visiteurs et nos exposants. Nous contribuons ainsi concrètement à la protection de la nature et réduisons <strong>notre empreinte écologique.</strong></p>
								</div>
				</div>
					</div>
				</div>
					</div>
				</div>
					</div>
				</div>
		<div class="elementor-element elementor-element-52c2b37 e-flex e-con-boxed e-con e-parent" data-id="52c2b37" data-element_type="container" data-settings="{&quot;background_background&quot;:&quot;classic&quot;}">
					<div class="e-con-inner">
		<div class="elementor-element elementor-element-852ded5 e-flex e-con-boxed e-con e-child" data-id="852ded5" data-element_type="container" data-settings="{&quot;background_background&quot;:&quot;classic&quot;}">
					<div class="e-con-inner">
		<div class="elementor-element elementor-element-4867cf3 e-flex e-con-boxed e-con e-child" data-id="4867cf3" data-element_type="container" data-settings="{&quot;background_background&quot;:&quot;classic&quot;}">
					<div class="e-con-inner">
		<div class="elementor-element elementor-element-0ce6dd8 e-flex e-con-boxed e-con e-child" data-id="0ce6dd8" data-element_type="container">
					<div class="e-con-inner">
				<div class="elementor-element elementor-element-d1cab72 elementor-widget elementor-widget-heading" data-id="d1cab72" data-element_type="widget" data-widget_type="heading.default">
				<div class="elementor-widget-container">
					<h2 class="elementor-heading-title elementor-size-default">Faites un don et plantez avec nous !</h2>				</div>
				</div>
				<div class="elementor-element elementor-element-994c8e8 elementor-widget elementor-widget-text-editor" data-id="994c8e8" data-element_type="widget" data-widget_type="text-editor.default">
				<div class="elementor-widget-container">
									<p>Nous invitons nos visiteurs et nos exposants à se joindre à nous pour planter des arbres afin de faire une différence visible pour la nature et le climat.</p>
<p>Avec chaque don et chaque arbre planté, nous réduirons ensemble notre empreinte écologique et contribuerons à construire un avenir plus vert.</p>
								</div>
				</div>
					</div>
				</div>
					</div>
				</div>
					</div>
				</div>
					</div>
				</div>
				</div>

<p>Bos + Planter un arbre avec Empack Gand 2026 Planter des arbres avec nous Bij Empack staat innovatie en duurzaamheid centraal. Als vakbeurs brengen wij de volledige verpakkingsketen samen en stimuleren we initiatieven die echt impact maken. En collaboration avec BOS+, nous plantons des arbres avec nos visiteurs et nos exposants. Nous contribuons ainsi concrètement [&hellip;]</p>
