{"id":29446,"date":"2025-07-09T12:07:55","date_gmt":"2025-07-09T11:07:55","guid":{"rendered":"https:\/\/www.empack.be\/mechelen-2025\/programme-empack\/start2pack\/"},"modified":"2026-01-29T13:21:53","modified_gmt":"2026-01-29T12:21:53","slug":"start2pack","status":"publish","type":"page","link":"https:\/\/www.empack.be\/fr\/mechelen-2025\/programme-empack\/start2pack\/","title":{"rendered":"Start2Pack"},"content":{"rendered":"\t\t<div data-elementor-type=\"wp-page\" data-elementor-id=\"29446\" class=\"elementor elementor-29446 elementor-29427\" data-elementor-post-type=\"page\">\n\t\t\t\t<div class=\"elementor-element elementor-element-ed20676 e-flex e-con-boxed e-con e-child\" data-id=\"ed20676\" data-element_type=\"container\" data-settings=\"{&quot;background_background&quot;:&quot;classic&quot;}\">\n\t\t\t\t\t<div class=\"e-con-inner\">\n\t\t\t\t<div class=\"elementor-element elementor-element-be97621 elementor-widget__width-initial elementor-widget elementor-widget-heading\" data-id=\"be97621\" data-element_type=\"widget\" data-widget_type=\"heading.default\">\n\t\t\t\t<div class=\"elementor-widget-container\">\n\t\t\t\t\t<h1 class=\"elementor-heading-title elementor-size-default\">Start2Pack<\/h1>\t\t\t\t<\/div>\n\t\t\t\t<\/div>\n\t\t\t\t\t<\/div>\n\t\t\t\t<\/div>\n\t\t<div class=\"elementor-element elementor-element-bacfe69 e-flex e-con-boxed e-con e-parent\" data-id=\"bacfe69\" data-element_type=\"container\" data-settings=\"{&quot;background_background&quot;:&quot;classic&quot;}\">\n\t\t\t\t\t<div class=\"e-con-inner\">\n\t\t<div class=\"elementor-element elementor-element-1e796ce e-flex e-con-boxed e-con e-child\" data-id=\"1e796ce\" data-element_type=\"container\" data-settings=\"{&quot;background_background&quot;:&quot;classic&quot;}\">\n\t\t\t\t\t<div class=\"e-con-inner\">\n\t\t<div class=\"elementor-element elementor-element-3da3ab3 e-flex e-con-boxed e-con e-child\" data-id=\"3da3ab3\" data-element_type=\"container\">\n\t\t\t\t\t<div class=\"e-con-inner\">\n\t\t\t\t<div class=\"elementor-element elementor-element-08cfb05 elementor-widget elementor-widget-heading\" data-id=\"08cfb05\" data-element_type=\"widget\" data-widget_type=\"heading.default\">\n\t\t\t\t<div class=\"elementor-widget-container\">\n\t\t\t\t\t<h2 class=\"elementor-heading-title elementor-size-default\">Pack4Food lance une nouveaut\u00e9 : Start2Pack<\/h2>\t\t\t\t<\/div>\n\t\t\t\t<\/div>\n\t\t\t\t<div class=\"elementor-element elementor-element-61d656a elementor-widget elementor-widget-text-editor\" data-id=\"61d656a\" data-element_type=\"widget\" data-widget_type=\"text-editor.default\">\n\t\t\t\t<div class=\"elementor-widget-container\">\n\t\t\t\t\t\t\t\t\t<p>Un cours d&rsquo;initiation unique pour tous ceux qui font leurs premiers pas dans le monde de l&rsquo;alimentation et de l&#8217;emballage. Que vous fassiez vos premiers pas dans une entreprise alimentaire, que vous dirigiez une startup ou que vous souhaitiez simplement rafra\u00eechir vos connaissances, c <b>&lsquo;est l&rsquo;occasion de vous familiariser rapidement et de mani\u00e8re cibl\u00e9e avec la technologie de l&#8217;emballage<\/b>. Cette session aura lieu exclusivement pendant <b>Empack<\/b>!<\/p>\n<p>Faites vos premiers pas dans le monde de l&#8217;emballage avec <b>notre nouveau cours de formation court et puissant \u00ab\u00a0Start2Pack\u00a0\u00bb<\/b>. En deux heures, vous aurez un aper\u00e7u clair des bases de l&#8217;emballage (alimentaire) &#8211; des aspects techniques \u00e0 la l\u00e9gislation. Aucune connaissance pr\u00e9alable n&rsquo;est requise, mais de nombreuses informations sont garanties !<\/p>\n\t\t\t\t\t\t\t\t<\/div>\n\t\t\t\t<\/div>\n\t\t\t\t\t<\/div>\n\t\t\t\t<\/div>\n\t\t\t\t\t<\/div>\n\t\t\t\t<\/div>\n\t\t\t\t\t<\/div>\n\t\t\t\t<\/div>\n\t\t<div class=\"elementor-element elementor-element-b430284 e-flex e-con-boxed e-con e-parent\" data-id=\"b430284\" data-element_type=\"container\" data-settings=\"{&quot;background_background&quot;:&quot;classic&quot;}\">\n\t\t\t\t\t<div class=\"e-con-inner\">\n\t\t<div class=\"elementor-element elementor-element-9e9adef e-flex e-con-boxed e-con e-child\" data-id=\"9e9adef\" data-element_type=\"container\" data-settings=\"{&quot;background_background&quot;:&quot;classic&quot;}\">\n\t\t\t\t\t<div class=\"e-con-inner\">\n\t\t<div class=\"elementor-element elementor-element-1bb31c6 e-flex e-con-boxed e-con e-child\" data-id=\"1bb31c6\" data-element_type=\"container\" data-settings=\"{&quot;background_background&quot;:&quot;classic&quot;}\">\n\t\t\t\t\t<div class=\"e-con-inner\">\n\t\t<div class=\"elementor-element elementor-element-8da9021 e-flex e-con-boxed e-con e-child\" data-id=\"8da9021\" data-element_type=\"container\">\n\t\t\t\t\t<div class=\"e-con-inner\">\n\t\t\t\t<div class=\"elementor-element elementor-element-6b97dff elementor-widget elementor-widget-heading\" data-id=\"6b97dff\" data-element_type=\"widget\" data-widget_type=\"heading.default\">\n\t\t\t\t<div class=\"elementor-widget-container\">\n\t\t\t\t\t<h2 class=\"elementor-heading-title elementor-size-default\">Pour qui ?<\/h2>\t\t\t\t<\/div>\n\t\t\t\t<\/div>\n\t\t\t\t<div class=\"elementor-element elementor-element-c487a64 elementor-widget elementor-widget-text-editor\" data-id=\"c487a64\" data-element_type=\"widget\" data-widget_type=\"text-editor.default\">\n\t\t\t\t<div class=\"elementor-widget-container\">\n\t\t\t\t\t\t\t\t\t<p><span data-olk-copy-source=\"MessageBody\">Vous participerez d&rsquo;abord \u00e0 une formation courte et claire de 2 heures au cours de laquelle vous apprendrez les bases de la technologie et de la l\u00e9gislation en mati\u00e8re d&#8217;emballage. Ensuite, vous vous rendez directement \u00e0 l&rsquo;exposition : vous voyez les fournisseurs, les machines, les mat\u00e9riaux et les applications en action. Ce que vous venez d&rsquo;apprendre, vous l&rsquo;appliquez imm\u00e9diatement &#8211; et vous nouez imm\u00e9diatement de pr\u00e9cieux contacts. D&rsquo;une pierre deux coups !<\/span><\/p>\n\t\t\t\t\t\t\t\t<\/div>\n\t\t\t\t<\/div>\n\t\t<div class=\"elementor-element elementor-element-eec6cff e-con-full e-flex e-con e-child\" data-id=\"eec6cff\" data-element_type=\"container\">\n\t\t\t\t<div class=\"elementor-element elementor-element-d23b274 elementor-widget elementor-widget-heading\" data-id=\"d23b274\" data-element_type=\"widget\" data-widget_type=\"heading.default\">\n\t\t\t\t<div class=\"elementor-widget-container\">\n\t\t\t\t\t<h2 class=\"elementor-heading-title elementor-size-default\">Pourquoi participer ?<\/h2>\t\t\t\t<\/div>\n\t\t\t\t<\/div>\n\t\t\t\t<div class=\"elementor-element elementor-element-3341501 elementor-widget elementor-widget-text-editor\" data-id=\"3341501\" data-element_type=\"widget\" data-widget_type=\"text-editor.default\">\n\t\t\t\t<div class=\"elementor-widget-container\">\n\t\t\t\t\t\t\t\t\t<ul>\n<li style=\"list-style-type: none\">\n<ul>\n<li><span lang=\"EN-US\">Formation de base compacte &#8211; claire et pr\u00e9cise<\/span><\/li>\n<li class=\"x_MsoNormal\">Dispens\u00e9e par des experts du domaine<\/li>\n<li class=\"x_MsoNormal\">Imm\u00e9diatement applicables lors de votre visite \u00e0 Empack<\/li>\n<\/ul>\n<p><\/li>\n<p><\/ul>\n<p><\/p>\n<p class=\"x_MsoNormal\"><b>Ne manquez pas cette combinaison unique d&rsquo;apprentissage et de d\u00e9couverte en un seul jour et en un seul lieu !<\/b><\/p>\n\t\t\t\t\t\t\t\t<\/div>\n\t\t\t\t<\/div>\n\t\t\t\t<\/div>\n\t\t\t\t\t<\/div>\n\t\t\t\t<\/div>\n\t\t\t\t\t<\/div>\n\t\t\t\t<\/div>\n\t\t\t\t\t<\/div>\n\t\t\t\t<\/div>\n\t\t\t\t\t<\/div>\n\t\t\t\t<\/div>\n\t\t<div class=\"elementor-element elementor-element-26b91f9 e-flex e-con-boxed e-con e-parent\" data-id=\"26b91f9\" data-element_type=\"container\" data-settings=\"{&quot;background_background&quot;:&quot;classic&quot;}\">\n\t\t\t\t\t<div class=\"e-con-inner\">\n\t\t<div class=\"elementor-element elementor-element-a892973 e-flex e-con-boxed e-con e-child\" data-id=\"a892973\" data-element_type=\"container\">\n\t\t\t\t\t<div class=\"e-con-inner\">\n\t\t<div class=\"elementor-element elementor-element-1c25154 e-flex e-con-boxed e-con e-child\" data-id=\"1c25154\" data-element_type=\"container\">\n\t\t\t\t\t<div class=\"e-con-inner\">\n\t\t<div class=\"elementor-element elementor-element-76963b8 e-flex e-con-boxed e-con e-child\" data-id=\"76963b8\" data-element_type=\"container\">\n\t\t\t\t\t<div class=\"e-con-inner\">\n\t\t\t\t\t<\/div>\n\t\t\t\t<\/div>\n\t\t\t\t\t<\/div>\n\t\t\t\t<\/div>\n\t\t\t\t\t<\/div>\n\t\t\t\t<\/div>\n\t\t\t\t\t<\/div>\n\t\t\t\t<\/div>\n\t\t\t\t<\/div>\n\t\t","protected":false},"excerpt":{"rendered":"<p>Start2Pack Pack4Food lance une nouveaut\u00e9 : Start2Pack Un cours d&rsquo;initiation unique pour tous ceux qui font leurs premiers pas dans le monde de l&rsquo;alimentation et de l&#8217;emballage. Que vous fassiez vos premiers pas dans une entreprise alimentaire, que vous dirigiez une startup ou que vous souhaitiez simplement rafra\u00eechir vos connaissances, c &lsquo;est l&rsquo;occasion de vous [&hellip;]<\/p>\n","protected":false},"author":1351,"featured_media":0,"parent":24050,"menu_order":0,"comment_status":"closed","ping_status":"closed","template":"","meta":{"_seopress_robots_primary_cat":"","_seopress_titles_title":"","_seopress_titles_desc":"","_seopress_robots_index":"","footnotes":""},"class_list":["post-29446","page","type-page","status-publish","hentry"],"_links":{"self":[{"href":"https:\/\/www.empack.be\/fr\/wp-json\/wp\/v2\/pages\/29446","targetHints":{"allow":["GET"]}}],"collection":[{"href":"https:\/\/www.empack.be\/fr\/wp-json\/wp\/v2\/pages"}],"about":[{"href":"https:\/\/www.empack.be\/fr\/wp-json\/wp\/v2\/types\/page"}],"author":[{"embeddable":true,"href":"https:\/\/www.empack.be\/fr\/wp-json\/wp\/v2\/users\/1351"}],"replies":[{"embeddable":true,"href":"https:\/\/www.empack.be\/fr\/wp-json\/wp\/v2\/comments?post=29446"}],"version-history":[{"count":3,"href":"https:\/\/www.empack.be\/fr\/wp-json\/wp\/v2\/pages\/29446\/revisions"}],"predecessor-version":[{"id":57203,"href":"https:\/\/www.empack.be\/fr\/wp-json\/wp\/v2\/pages\/29446\/revisions\/57203"}],"up":[{"embeddable":true,"href":"https:\/\/www.empack.be\/fr\/wp-json\/wp\/v2\/pages\/24050"}],"wp:attachment":[{"href":"https:\/\/www.empack.be\/fr\/wp-json\/wp\/v2\/media?parent=29446"}],"curies":[{"name":"wp","href":"https:\/\/api.w.org\/{rel}","templated":true}]}}

<div data-elementor-type="wp-page" data-elementor-id="29446" class="elementor elementor-29446 elementor-29427" data-elementor-post-type="page">
				<div class="elementor-element elementor-element-ed20676 e-flex e-con-boxed e-con e-child" data-id="ed20676" data-element_type="container" data-settings="{&quot;background_background&quot;:&quot;classic&quot;}">
					<div class="e-con-inner">
				<div class="elementor-element elementor-element-be97621 elementor-widget__width-initial elementor-widget elementor-widget-heading" data-id="be97621" data-element_type="widget" data-widget_type="heading.default">
				<div class="elementor-widget-container">
					<h1 class="elementor-heading-title elementor-size-default">Start2Pack</h1>				</div>
				</div>
					</div>
				</div>
		<div class="elementor-element elementor-element-bacfe69 e-flex e-con-boxed e-con e-parent" data-id="bacfe69" data-element_type="container" data-settings="{&quot;background_background&quot;:&quot;classic&quot;}">
					<div class="e-con-inner">
		<div class="elementor-element elementor-element-1e796ce e-flex e-con-boxed e-con e-child" data-id="1e796ce" data-element_type="container" data-settings="{&quot;background_background&quot;:&quot;classic&quot;}">
					<div class="e-con-inner">
		<div class="elementor-element elementor-element-3da3ab3 e-flex e-con-boxed e-con e-child" data-id="3da3ab3" data-element_type="container">
					<div class="e-con-inner">
				<div class="elementor-element elementor-element-08cfb05 elementor-widget elementor-widget-heading" data-id="08cfb05" data-element_type="widget" data-widget_type="heading.default">
				<div class="elementor-widget-container">
					<h2 class="elementor-heading-title elementor-size-default">Pack4Food lance une nouveauté : Start2Pack</h2>				</div>
				</div>
				<div class="elementor-element elementor-element-61d656a elementor-widget elementor-widget-text-editor" data-id="61d656a" data-element_type="widget" data-widget_type="text-editor.default">
				<div class="elementor-widget-container">
									<p>Un cours d&rsquo;initiation unique pour tous ceux qui font leurs premiers pas dans le monde de l&rsquo;alimentation et de l&#8217;emballage. Que vous fassiez vos premiers pas dans une entreprise alimentaire, que vous dirigiez une startup ou que vous souhaitiez simplement rafraîchir vos connaissances, c <b>&lsquo;est l&rsquo;occasion de vous familiariser rapidement et de manière ciblée avec la technologie de l&#8217;emballage</b>. Cette session aura lieu exclusivement pendant <b>Empack</b>!</p>
<p>Faites vos premiers pas dans le monde de l&#8217;emballage avec <b>notre nouveau cours de formation court et puissant « Start2Pack »</b>. En deux heures, vous aurez un aperçu clair des bases de l&#8217;emballage (alimentaire) &#8211; des aspects techniques à la législation. Aucune connaissance préalable n&rsquo;est requise, mais de nombreuses informations sont garanties !</p>
								</div>
				</div>
					</div>
				</div>
					</div>
				</div>
					</div>
				</div>
		<div class="elementor-element elementor-element-b430284 e-flex e-con-boxed e-con e-parent" data-id="b430284" data-element_type="container" data-settings="{&quot;background_background&quot;:&quot;classic&quot;}">
					<div class="e-con-inner">
		<div class="elementor-element elementor-element-9e9adef e-flex e-con-boxed e-con e-child" data-id="9e9adef" data-element_type="container" data-settings="{&quot;background_background&quot;:&quot;classic&quot;}">
					<div class="e-con-inner">
		<div class="elementor-element elementor-element-1bb31c6 e-flex e-con-boxed e-con e-child" data-id="1bb31c6" data-element_type="container" data-settings="{&quot;background_background&quot;:&quot;classic&quot;}">
					<div class="e-con-inner">
		<div class="elementor-element elementor-element-8da9021 e-flex e-con-boxed e-con e-child" data-id="8da9021" data-element_type="container">
					<div class="e-con-inner">
				<div class="elementor-element elementor-element-6b97dff elementor-widget elementor-widget-heading" data-id="6b97dff" data-element_type="widget" data-widget_type="heading.default">
				<div class="elementor-widget-container">
					<h2 class="elementor-heading-title elementor-size-default">Pour qui ?</h2>				</div>
				</div>
				<div class="elementor-element elementor-element-c487a64 elementor-widget elementor-widget-text-editor" data-id="c487a64" data-element_type="widget" data-widget_type="text-editor.default">
				<div class="elementor-widget-container">
									<p><span data-olk-copy-source="MessageBody">Vous participerez d&rsquo;abord à une formation courte et claire de 2 heures au cours de laquelle vous apprendrez les bases de la technologie et de la législation en matière d&#8217;emballage. Ensuite, vous vous rendez directement à l&rsquo;exposition : vous voyez les fournisseurs, les machines, les matériaux et les applications en action. Ce que vous venez d&rsquo;apprendre, vous l&rsquo;appliquez immédiatement &#8211; et vous nouez immédiatement de précieux contacts. D&rsquo;une pierre deux coups !</span></p>
								</div>
				</div>
		<div class="elementor-element elementor-element-eec6cff e-con-full e-flex e-con e-child" data-id="eec6cff" data-element_type="container">
				<div class="elementor-element elementor-element-d23b274 elementor-widget elementor-widget-heading" data-id="d23b274" data-element_type="widget" data-widget_type="heading.default">
				<div class="elementor-widget-container">
					<h2 class="elementor-heading-title elementor-size-default">Pourquoi participer ?</h2>				</div>
				</div>
				<div class="elementor-element elementor-element-3341501 elementor-widget elementor-widget-text-editor" data-id="3341501" data-element_type="widget" data-widget_type="text-editor.default">
				<div class="elementor-widget-container">
									<ul>
<li style="list-style-type: none">
<ul>
<li><span lang="EN-US">Formation de base compacte &#8211; claire et précise</span></li>
<li class="x_MsoNormal">Dispensée par des experts du domaine</li>
<li class="x_MsoNormal">Immédiatement applicables lors de votre visite à Empack</li>
</ul>
<p></li>
<p></ul>
<p></p>
<p class="x_MsoNormal"><b>Ne manquez pas cette combinaison unique d&rsquo;apprentissage et de découverte en un seul jour et en un seul lieu !</b></p>
								</div>
				</div>
				</div>
					</div>
				</div>
					</div>
				</div>
					</div>
				</div>
					</div>
				</div>
		<div class="elementor-element elementor-element-26b91f9 e-flex e-con-boxed e-con e-parent" data-id="26b91f9" data-element_type="container" data-settings="{&quot;background_background&quot;:&quot;classic&quot;}">
					<div class="e-con-inner">
		<div class="elementor-element elementor-element-a892973 e-flex e-con-boxed e-con e-child" data-id="a892973" data-element_type="container">
					<div class="e-con-inner">
		<div class="elementor-element elementor-element-1c25154 e-flex e-con-boxed e-con e-child" data-id="1c25154" data-element_type="container">
					<div class="e-con-inner">
		<div class="elementor-element elementor-element-76963b8 e-flex e-con-boxed e-con e-child" data-id="76963b8" data-element_type="container">
					<div class="e-con-inner">
					</div>
				</div>
					</div>
				</div>
					</div>
				</div>
					</div>
				</div>
				</div>

<p>Start2Pack Pack4Food lance une nouveauté : Start2Pack Un cours d&rsquo;initiation unique pour tous ceux qui font leurs premiers pas dans le monde de l&rsquo;alimentation et de l&#8217;emballage. Que vous fassiez vos premiers pas dans une entreprise alimentaire, que vous dirigiez une startup ou que vous souhaitiez simplement rafraîchir vos connaissances, c &lsquo;est l&rsquo;occasion de vous [&hellip;]</p>
