{"id":58747,"date":"2026-07-01T08:07:36","date_gmt":"2026-07-01T06:07:36","guid":{"rendered":"https:\/\/www.empack.be\/session\/des-emballages-a-valeur-ajoutee-perspectives-des-utilisateurs-sur-les-systemes-demballage-reutilisables-dans-les-secteurs-de-lalimentation-du-commerce-electronique-et-des-applications-medicales\/"},"modified":"2026-09-03T11:48:46","modified_gmt":"2026-09-03T09:48:46","slug":"des-emballages-a-valeur-ajoutee-perspectives-des-utilisateurs-sur-les-systemes-demballage-reutilisables-dans-les-secteurs-de-lalimentation-du-commerce-electronique-et-des-applications-medicales","status":"publish","type":"activity","link":"https:\/\/www.empack.be\/fr\/session\/des-emballages-a-valeur-ajoutee-perspectives-des-utilisateurs-sur-les-systemes-demballage-reutilisables-dans-les-secteurs-de-lalimentation-du-commerce-electronique-et-des-applications-medicales\/","title":{"rendered":"Des emballages \u00e0 valeur ajout\u00e9e : perspectives des utilisateurs sur les syst\u00e8mes d&#8217;emballage r\u00e9utilisables dans les secteurs de l&rsquo;alimentation, du commerce \u00e9lectronique et des applications m\u00e9dicales."},"content":{"rendered":"\n<p>Des emballages \u00e0 valeur ajout\u00e9e (Dans cette pr\u00e9sentation, REuseLab, de l&rsquo;Universit\u00e9 d&rsquo;Anvers, partage les enseignements tir\u00e9s de diff\u00e9rents projets portant sur les syst\u00e8mes d&#8217;emballage r\u00e9utilisables, dans des secteurs tels que l&rsquo;alimentation et les boissons, le commerce en ligne et le secteur m\u00e9dical. Nous mettons particuli\u00e8rement l&rsquo;accent sur le point de vue des utilisateurs : quels sont les obstacles et les motivations qui d\u00e9terminent le succ\u00e8s de la r\u00e9utilisation dans la pratique ?)<\/p>\n\n<p><\/p>\n","protected":false},"excerpt":{"rendered":"<p>Des emballages \u00e0 valeur ajout\u00e9e (Dans cette pr\u00e9sentation, REuseLab, de l&rsquo;Universit\u00e9 d&rsquo;Anvers, partage les enseignements tir\u00e9s de diff\u00e9rents projets portant sur les syst\u00e8mes d&#8217;emballage r\u00e9utilisables, dans des secteurs tels que l&rsquo;alimentation et les boissons, le commerce en ligne et le secteur m\u00e9dical. Nous mettons particuli\u00e8rement l&rsquo;accent sur le point de vue des utilisateurs : quels [&hellip;]<\/p>\n","protected":false},"featured_media":0,"template":"","meta":{"_seopress_titles_title":"Els De Bois | REuseLab | Empack Gand 2026","_seopress_titles_desc":"Els Du Bois | REuseLab | Empack Gand 2026","_seopress_robots_index":"","_seopress_robots_follow":"","_seopress_robots_imageindex":"","_seopress_robots_snippet":"","_seopress_robots_primary_cat":"","_seopress_robots_breadcrumbs":"","_seopress_robots_freeze_modified_date":"","_seopress_robots_custom_modified_date":"","_seopress_robots_canonical":"","_seopress_social_fb_title":"","_seopress_social_fb_desc":"","_seopress_social_fb_img":"","_seopress_social_fb_img_attachment_id":0,"_seopress_social_fb_img_width":0,"_seopress_social_fb_img_height":0,"_seopress_social_twitter_title":"","_seopress_social_twitter_desc":"","_seopress_social_twitter_img":"","_seopress_social_twitter_img_attachment_id":0,"_seopress_social_twitter_img_width":0,"_seopress_social_twitter_img_height":0,"_seopress_redirections_value":"","_seopress_redirections_enabled":"","_seopress_redirections_enabled_regex":"","_seopress_redirections_logged_status":"both","_seopress_redirections_param":"","_seopress_redirections_type":301,"_seopress_analysis_target_kw":"","_seopress_news_disabled":"","_seopress_video_disabled":"","_seopress_video":[],"_seopress_pro_schemas_manual":[],"_seopress_pro_rich_snippets_disable_all":"","_seopress_pro_rich_snippets_disable":[],"_seopress_pro_schemas":[],"_activity_time_start":"11:00","_activity_time_end":"11:45","_activity_date":"2026-09-22","_activity_price":"","footnotes":""},"edition":[400],"location":[401],"track":[404],"activity_type":[],"class_list":["post-58747","activity","type-activity","status-publish","hentry","edition-empack-gent-2026","location-pack-stage-1","track-duurzame-en-toekomstbestendige-verpakkingen-van-kwaliteit-en-hergebruik-tot-ppwr-compliance"],"_guests":[{"href":"https:\/\/www.empack.be\/fr\/wp-json\/wp\/v2\/guest\/58664"}],"_sponsors":[],"_cover_image":null,"_links":{"self":[{"href":"https:\/\/www.empack.be\/fr\/wp-json\/wp\/v2\/activity\/58747","targetHints":{"allow":["GET"]}}],"collection":[{"href":"https:\/\/www.empack.be\/fr\/wp-json\/wp\/v2\/activity"}],"about":[{"href":"https:\/\/www.empack.be\/fr\/wp-json\/wp\/v2\/types\/activity"}],"version-history":[{"count":2,"href":"https:\/\/www.empack.be\/fr\/wp-json\/wp\/v2\/activity\/58747\/revisions"}],"predecessor-version":[{"id":59726,"href":"https:\/\/www.empack.be\/fr\/wp-json\/wp\/v2\/activity\/58747\/revisions\/59726"}],"wp:attachment":[{"href":"https:\/\/www.empack.be\/fr\/wp-json\/wp\/v2\/media?parent=58747"}],"wp:term":[{"taxonomy":"edition","embeddable":true,"href":"https:\/\/www.empack.be\/fr\/wp-json\/wp\/v2\/edition?post=58747"},{"taxonomy":"location","embeddable":true,"href":"https:\/\/www.empack.be\/fr\/wp-json\/wp\/v2\/location?post=58747"},{"taxonomy":"track","embeddable":true,"href":"https:\/\/www.empack.be\/fr\/wp-json\/wp\/v2\/track?post=58747"},{"taxonomy":"activity_type","embeddable":true,"href":"https:\/\/www.empack.be\/fr\/wp-json\/wp\/v2\/activity_type?post=58747"}],"curies":[{"name":"wp","href":"https:\/\/api.w.org\/{rel}","templated":true}]}}

Des emballages à valeur ajoutée : perspectives des utilisateurs sur les systèmes d&#8217;emballage réutilisables dans les secteurs de l&rsquo;alimentation, du commerce électronique et des applications médicales.

<p>Des emballages à valeur ajoutée (Dans cette présentation, REuseLab, de l&rsquo;Université d&rsquo;Anvers, partage les enseignements tirés de différents projets portant sur les systèmes d&#8217;emballage réutilisables, dans des secteurs tels que l&rsquo;alimentation et les boissons, le commerce en ligne et le secteur médical. Nous mettons particulièrement l&rsquo;accent sur le point de vue des utilisateurs : quels sont les obstacles et les motivations qui déterminent le succès de la réutilisation dans la pratique ?)</p>

<p></p>

<p>Des emballages à valeur ajoutée (Dans cette présentation, REuseLab, de l&rsquo;Université d&rsquo;Anvers, partage les enseignements tirés de différents projets portant sur les systèmes d&#8217;emballage réutilisables, dans des secteurs tels que l&rsquo;alimentation et les boissons, le commerce en ligne et le secteur médical. Nous mettons particulièrement l&rsquo;accent sur le point de vue des utilisateurs : quels [&hellip;]</p>
