{"id":50136,"date":"2025-09-25T10:04:09","date_gmt":"2025-09-25T09:04:09","guid":{"rendered":"https:\/\/www.empack.be\/session\/limprime-rencontre-le-numerique-des-experiences-immersives-dans-le-domaine-de-lemballage\/"},"modified":"2025-09-25T10:05:39","modified_gmt":"2025-09-25T09:05:39","slug":"limprime-rencontre-le-numerique-des-experiences-immersives-dans-le-domaine-de-lemballage","status":"publish","type":"activity","link":"https:\/\/www.empack.be\/fr\/session\/limprime-rencontre-le-numerique-des-experiences-immersives-dans-le-domaine-de-lemballage\/","title":{"rendered":"L&rsquo;imprim\u00e9 rencontre le num\u00e9rique : des exp\u00e9riences immersives dans le domaine de l&#8217;emballage"},"content":{"rendered":"\n<p>D\u00e9couvrez la puissance de l&rsquo;impression combin\u00e9e aux technologies num\u00e9riques. Gr\u00e2ce \u00e0 la RA et \u00e0 la RV, vous pouvez faire passer vos imprim\u00e9s et vos emballages \u00e0 un niveau sup\u00e9rieur : ils racontent des histoires, suscitent des \u00e9motions et cr\u00e9ent un lien entre la marque et le consommateur d&rsquo;une mani\u00e8re totalement nouvelle.<\/p>\n","protected":false},"excerpt":{"rendered":"<p>D\u00e9couvrez la puissance de l&rsquo;impression combin\u00e9e aux technologies num\u00e9riques. Gr\u00e2ce \u00e0 la RA et \u00e0 la RV, vous pouvez faire passer vos imprim\u00e9s et vos emballages \u00e0 un niveau sup\u00e9rieur : ils racontent des histoires, suscitent des \u00e9motions et cr\u00e9ent un lien entre la marque et le consommateur d&rsquo;une mani\u00e8re totalement nouvelle.<\/p>\n","protected":false},"featured_media":0,"template":"","meta":{"_seopress_robots_primary_cat":"","_seopress_titles_title":"","_seopress_titles_desc":"","_seopress_robots_index":"","_activity_time_start":"10:30","_activity_time_end":"11:00","_activity_date":"2025-10-23","_activity_price":"","footnotes":""},"edition":[],"location":[370],"track":[372],"activity_type":[],"class_list":["post-50136","activity","type-activity","status-publish","hentry","location-pack-stage-3","track-technologie-ai-slimme-toepassingen-in-verpakken"],"_guests":[],"_sponsors":[],"_cover_image":null,"_links":{"self":[{"href":"https:\/\/www.empack.be\/fr\/wp-json\/wp\/v2\/activity\/50136","targetHints":{"allow":["GET"]}}],"collection":[{"href":"https:\/\/www.empack.be\/fr\/wp-json\/wp\/v2\/activity"}],"about":[{"href":"https:\/\/www.empack.be\/fr\/wp-json\/wp\/v2\/types\/activity"}],"version-history":[{"count":1,"href":"https:\/\/www.empack.be\/fr\/wp-json\/wp\/v2\/activity\/50136\/revisions"}],"predecessor-version":[{"id":50137,"href":"https:\/\/www.empack.be\/fr\/wp-json\/wp\/v2\/activity\/50136\/revisions\/50137"}],"wp:attachment":[{"href":"https:\/\/www.empack.be\/fr\/wp-json\/wp\/v2\/media?parent=50136"}],"wp:term":[{"taxonomy":"edition","embeddable":true,"href":"https:\/\/www.empack.be\/fr\/wp-json\/wp\/v2\/edition?post=50136"},{"taxonomy":"location","embeddable":true,"href":"https:\/\/www.empack.be\/fr\/wp-json\/wp\/v2\/location?post=50136"},{"taxonomy":"track","embeddable":true,"href":"https:\/\/www.empack.be\/fr\/wp-json\/wp\/v2\/track?post=50136"},{"taxonomy":"activity_type","embeddable":true,"href":"https:\/\/www.empack.be\/fr\/wp-json\/wp\/v2\/activity_type?post=50136"}],"curies":[{"name":"wp","href":"https:\/\/api.w.org\/{rel}","templated":true}]}}

L&rsquo;imprimé rencontre le numérique : des expériences immersives dans le domaine de l&#8217;emballage

<p>Découvrez la puissance de l&rsquo;impression combinée aux technologies numériques. Grâce à la RA et à la RV, vous pouvez faire passer vos imprimés et vos emballages à un niveau supérieur : ils racontent des histoires, suscitent des émotions et créent un lien entre la marque et le consommateur d&rsquo;une manière totalement nouvelle.</p>
